 divisor of o and j.
16
Let a(d) = -d**2 - 14*d + 9. Let t be a(-10). Suppose -1 = 2*s - 3*s. Let k be (7/4)/(s/4). Calculate the greatest common divisor of k and t.
7
Let c be 58/(-4) - (-4 - (-9)/2). Let t be ((c/2)/(-5))/(18/1104). Calculate the highest common divisor of 69 and t.
23
Suppose 0*a + a = 17. Let d = 24 - a. Let g(w) = 3*w**2 - 13*w - 11. Let s be g(8). What is the greatest common divisor of s and d?
7
Suppose 41*d - 70 = 34*d. Calculate the greatest common divisor of d and 40.
10
Suppose 172*h = 155*h + 306. What is the greatest common divisor of 564 and h?
6
Let w be (390/12)/(3/(-6)). Let d be (-2)/10 + (-403)/w. What is the greatest common divisor of d and 3?
3
Let w be (-85)/(-4 + (2 - 20)/(-6)). Calculate the greatest common divisor of w and 34.
17
Let h = 26 - 21. Suppose 2*z - 9 - h = 0. Calculate the highest common divisor of z and 7.
7
Suppose -3*n + 7 = -5. Let t be (10/n)/(3/66). Let j = t + 152. What is the highest common divisor of 23 and j?
23
Suppose 6*l = -l. Suppose 8*d - d - 7 = l. What is the greatest common factor of 1 and d?
1
Let t(a) = -2*a**2 + 13*a + 8. Let n be t(0). Calculate the greatest common factor of n and 3704.
8
Suppose -9*i + 12*i = 9. Suppose -4*f + 41 = n - 5*f, 124 = i*n - 4*f. What is the greatest common divisor of 5 and n?
5
Let w = 192 - 177. Calculate the greatest common divisor of 180 and w.
15
Let v be 1 + 0 - (4 + -35). Let j = 38 - v. Let b be 1*35 + -3 + j. What is the greatest common divisor of 19 and b?
19
Suppose x - 98 = -4*v - 3, -5*x + 3*v = -475. Calculate the highest common divisor of 38 and x.
19
Let x = -1626 + 2016. What is the greatest common factor of x and 90?
30
Suppose 5*d = -9 + 24. Suppose -2*n = 2*y - 72, y + d*y - 176 = -5*n. Let q(t) = -21*t - 4. Let w be q(-4). Calculate the highest common factor of n and w.
16
Suppose 12*y = -0*y + 900. What is the greatest common factor of y and 60?
15
Let n(s) = -2*s - 5. Let l be n(-5). Suppose q + l*q = -96. Let p = -7 - q. What is the highest common divisor of p and 72?
9
Let u be (2/1 + 2)/1. Suppose -20 = -5*w + 5*k, 0*w + 5*w = -5*k + 20. What is the greatest common factor of w and u?
4
Suppose 0 = 5*n - n + 12. Let k be -2 - -2 - (198/n - 0). Calculate the greatest common divisor of k and 6.
6
Let g = -104 - -116. What is the highest common divisor of 12 and g?
12
Let a = -1993 - -6373. Calculate the greatest common factor of a and 60.
60
Suppose 10*j - 32*j + 44 = 0. Suppose -4*s + 1 = -7, 1 = o - j*s. Calculate the highest common factor of 40 and o.
5
Let f(d) = d**2 + 4*d + 7. Let y be f(-5). Suppose 4 = q - 5*o, -o - y = -q + 2*o. Suppose 0 = 23*m - 27*m + 32. What is the highest common divisor of q and m?
8
Suppose -5*t = -r - 16, t - 3 = 5*r - 19. Suppose 5*f - 28 = t*f. Let h = f - 17. Calculate the highest common factor of 11 and h.
11
Let t be ((-21150)/(-270))/(2/6). Calculate the greatest common divisor of t and 5.
5
Let d be (6/(-4))/(9/(-30)). Suppose 80 = d*h - h. Suppose 9*i - 4*i - 250 = 0. What is the greatest common divisor of h and i?
10
Let q be (-1)/(1/(1 + -24 - 0)). Let t = 36 + -15. Suppose 0 = -5*g - 5*h + 135, t = 5*h + 1. Calculate the greatest common factor of g and q.
23
Let f(i) = i + 1. Let o be f(1). Suppose -3*s = -o*s - 140. Suppose 2*z = -6, -4*z + s = j - 0*j. Calculate the highest common factor of 19 and j.
19
Suppose -5*a - 4*k = 21, -2*k + 2 = -a + 9. Let t be 3 - (-2 - a)*-2 - -2. Calculate the highest common factor of 33 and t.
3
Suppose -4*i - 43 = -t, t = -2*t + 5*i + 164. Let u be -4*(-1)/4*t. What is the highest common factor of u and 21?
21
Let k = -605 - -660. Calculate the highest common divisor of 5 and k.
5
Suppose 26 = -o + 6*o - 3*r, -22 = -5*o + r. Suppose -85*t + 87*t - 162 = 0. Let l = o + t. Calculate the greatest common factor of 17 and l.
17
Let k(l) = 1 + 0 + 1 + l. Let j be k(9). Suppose 2*f - 7*f - 250 = -5*c, 4*c - 2*f = 210. Calculate the highest common divisor of j and c.
11
Let i be (90/12)/((-162)/(-540)). Suppose 4*l + 2 = 22. What is the highest common factor of l and i?
5
Suppose 0 = -3*x + x - 36. Let h = x + 31. Calculate the greatest common divisor of h and 91.
13
Let d be 1*(-2)/(2 - 0). Let v be 111/4 + d/(-4). Suppose 0 = 3*q + h - 674, 4*h + 1281 = 4*q + 393. What is the highest common divisor of q and v?
28
Let d be -4*(3 + (-1496)/96*3). Calculate the greatest common factor of d and 14.
7
Suppose o - 7 = -0*o. Let u(g) = 0 - 10 - 5*g + o*g. Let l be u(7). What is the greatest common factor of 10 and l?
2
Suppose 0 = 4*m + 3*s - 19, -3*m - 2*m = -2*s - 18. Calculate the greatest common divisor of 28 and m.
4
Let k(t) = -t**3 + 4*t**2 + 2*t - 6. Let r be k(4). Let p(j) = 24*j - 693. Let q be p(29). Calculate the highest common divisor of r and q.
1
Let p = -64 - -78. Suppose 0*g + l = -g - 206, -5*g = -3*l + 1070. Let t = -99 - g. What is the highest common factor of p and t?
14
Let b = 303 + -199. What is the highest common factor of 16 and b?
8
Suppose -5*b = -4 - 51. Suppose j = 3, -5*m - 298 = 3*j + j. Let g = m - -106. Calculate the greatest common factor of b and g.
11
Suppose -26 = -4*q - 6. Suppose -q*t - 126 = -12*t. Calculate the greatest common divisor of t and 126.
18
Suppose 4 - 6 = p. Let k = 248 + -233. Let f be 14 + p + k/5. Calculate the highest common factor of f and 15.
15
Suppose n = -2*u + 121, -11*n = -5*u - 13*n + 301. What is the highest common divisor of 767 and u?
59
Let t = 271 - 235. Calculate the highest common factor of 18 and t.
18
Let x(r) = -2*r**3 - 4*r**2 - 5*r - 7. Let b be x(-3). Suppose -4*q + b - 10 = 0. Calculate the highest common factor of 4 and q.
4
Let k be (-2)/(-16) - (-3693)/24. What is the greatest common factor of k and 88?
22
Let j = -12 + 16. Suppose -j*u + 204 = -48. Suppose -u = -5*n + 2*n. Calculate the highest common divisor of 3 and n.
3
Let x(q) = -11*q**2 - 98*q + 12. Let o be x(-9). Suppose -i - i = 0. Suppose i*b + 12 = 2*b. Calculate the highest common divisor of b and o.
3
Suppose 3*l - 3*k = -l - 52, -20 = 5*k. Let v be 4/l - (-17)/4. Suppose -v*d + 3*d + 30 = 0. What is the highest common divisor of 10 and d?
10
Let s(q) = 6*q**2 - 7*q + 5. Let o be s(5). Let f(y) = -y**2 + 9*y + 9. Let r be f(9). Let x = 29 - r. What is the greatest common factor of o and x?
20
Let z = 57 - 6. Let w = 88 + -52. Let q be w - (2/9 + 96/54). Calculate the greatest common divisor of q and z.
17
Suppose 4*y + 93 = o, -9*o + 5*o - 4*y = -432. Calculate the greatest common divisor of 1645 and o.
35
Suppose -4*a + 28*x - 24*x + 1356 = 0, 4*a + 3*x - 1377 = 0. Let v be (39 - 1)*(-2)/(-2). Calculate the greatest common divisor of a and v.
38
Let o(u) = u**2 + u**2 - 3*u**2 - 6*u - 1. Let z be o(-3). Suppose -5*d - 4*n = -10*d + 40, -4*d = 5*n + 9. Calculate the greatest common divisor of d and z.
4
Suppose -3*c = 0, -5*b + 901 = 2*c - 4049. Calculate the highest common divisor of b and 11.
11
Let z = 16 - -16. Suppose 0 = 3*l - 18 + 9. Suppose 3*k + l*v = 4*v + 142, 5*k = v + 238. Calculate the highest common divisor of k and z.
16
Let u be 12/(-4)*(-6)/2. Let t(p) = 7*p - 5. Let w be t(2). What is the greatest common factor of w and u?
9
Let p(q) = 6*q - 3*q**3 + 2 - 14*q**2 + 4 + q**3 + 6*q. Let h be p(-8). What is the greatest common divisor of 38 and h?
38
Suppose 3 = 2*q - 5. Let z be (q/2)/((-18)/(-36)). Suppose 4*r - 325 = -4*d + d, -z*d + 4*r = -480. Calculate the highest common divisor of d and 46.
23
Suppose 3*d + 2*d = 345. Let b(l) = 4*l**2 + 94*l - 2. Let h be b(-24). What is the highest common divisor of h and d?
23
Suppose 0 = -8*q + 85 - 13. Calculate the greatest common divisor of 99 and q.
9
Let m be (-1)/(2/22*30/(-210)). Calculate the greatest common factor of 7 and m.
7
Let g be ((-1)/(-3))/(2/18). Let y = 50 + -46. Suppose i - 2*j = 9 - 3, 54 = y*i + 2*j. Calculate the highest common divisor of g and i.
3
Let t(o) = -o**3 - 11*o**2 + 8*o + 16. Let x be t(-13). Calculate the greatest common factor of 70 and x.
10
Suppose -3*h + 60 = -0*h - 4*r, -2*r - 6 = 0. Suppose 3*f + 33 = -5*s + 211, -4*f - h = 0. What is the highest common factor of 2 and s?
2
Suppose 0 = -4*h - 11*h + 21000. Calculate the greatest common divisor of 80 and h.
40
Let h be (-3)/(-15) - (-1)/(-5). Suppose h =